s of t.
2, 3, 7
Let f = -33 + 38. Suppose -2*a + z + 104 = -3*z, 5*z = f*a - 285. What are the prime factors of a?
2, 31
Let z(g) be the third derivative of g**6/120 + 4*g**5/15 - 23*g**4/24 + 9*g**3/2 - 13*g**2. List the prime factors of z(-17).
3, 43
Let p be 6 - ((-1 - -1) + 2). Let c(a) = 5*a**2 - 3*a + 4. Let b be c(p). Suppose -5*m + b - 2 = 0. What are the prime factors of m?
2, 7
Let s(w) be the third derivative of w**5/20 - 5*w**4/24 - 2*w**2. List the prime factors of s(-5).
2, 5
Let n(w) = 2*w**2 + 2*w + 2. Suppose 5*a - 50 = 4*k, -2*a - 2 + 4 = 2*k. Suppose h = a*h + 20. What are the prime factors of n(h)?
2, 13
Let g(u) = 5*u**2 - 2*u - 34. List the prime factors of g(-12).
2, 5, 71
Suppose -16*d = -11048 - 1912. What are the prime factors of d?
2, 3, 5
What are the prime factors of -4 - -462 - (-15)/(-12)*4?
3, 151
Let r(n) = -n**3 - n**2 + 8*n - 7. What are the prime factors of r(-7)?
3, 7, 11
Let b(w) = w - 2. Let v be b(13). Let z(p) = 11*p + 29. List the prime factors of z(v).
2, 3, 5
Let p(x) = x**3 - 6*x**2 - x + 6. Let b be p(6). Suppose 3*q - j - 29 = b, 2*j - j = -q + 11. Suppose -2*a + q = -a. What are the prime factors of a?
2, 5
Suppose -4*i + 56 = 3*j, -3*i + 5 = 5*j - 37. Suppose -2*l - 4*t + 82 = 0, -193 = -l - 4*l - 4*t. Let c = l - i. List the prime factors of c.
23
Let y(p) be the first derivative of p**4/4 - 11*p**3/3 + 8*p**2 - 3*p - 7. What are the prime factors of y(11)?
173
Let t be 4/10 + (-115)/(-25). Suppose 0 = t*q - 11*q. Suppose -40 = -3*r - b + 3*b, q = -4*r + 3*b + 55. What are the prime factors of r?
2, 5
List the prime factors of (-1622)/1*(-5 + (-63)/(-14)).
811
Let m be 11/(-5) - (-13)/65. Let s(o) = 2*o**3 - 1. Let i be s(m). Let r = i - -44. List the prime factors of r.
3
Suppose -m - 54 = -5*m + 2*g, 0 = -5*m + 3*g + 69. Suppose -2*j + m = -6. Let c(k) = 4*k + 13. List the prime factors of c(j).
7
Suppose -2*p + 9 = -p. Suppose -p*m + 4*m = -610. Suppose 3*l + t + 0*t = m, 2*t = -2. List the prime factors of l.
41
Let m = 381 + -247. List the prime factors of m.
2, 67
Let k(f) be the first derivative of -f**4/4 + 2*f**3 + f**2 - 6*f - 7. Let t be k(6). Suppose -45 = -3*l - t. List the prime factors of l.
13
Suppose 13*y + 60 = 14*y. Suppose z = 2*i + 2*i + y, 2*i = -10. What are the prime factors of z?
2, 5
Let t(n) = 3*n**3 + 2*n**2 - 1. Let a be (-4)/(-16) + 6/8. Let r be t(a). Suppose -7*w - 4*y + 77 = -2*w, -59 = -3*w + r*y. What are the prime factors of w?
17
Let p(t) = 0*t - t - 5*t - 2 - t**2 + 4*t**2. What are the prime factors of p(5)?
43
Let x = -90 + 241. List the prime factors of x.
151
Let k = 7168 + -5027. List the prime factors of k.
2141
Let r(m) = -13*m + 8*m - 7 - 52*m. What are the prime factors of r(-2)?
107
Let z(q) = 140*q - 40. What are the prime factors of z(6)?
2, 5
List the prime factors of -2 - (-4 + (-13)/(-3))*-1371.
5, 7, 13
Let k(y) = 60*y + 1. Suppose 5*j + 3*r = 20, -4*j - 2*r + r + 9 = 0. List the prime factors of k(j).
61
Let z(x) = 3*x + 7. Let c be z(6). Suppose -26*k = -c*k - 64. List the prime factors of k.
2
Let i(s) = s**3 + 5*s**2 + 4*s + 2. Let c be i(-4). Suppose -4*x = -c*z + 80, 80 = 2*z + 4*x - 7*x. What are the prime factors of z?
2, 5
Let y = 420 + -163. What are the prime factors of y?
257
Let z = -17 - -162. Suppose -3*d + 0*d = -a - z, 133 = 3*d + 2*a. What are the prime factors of d?
47
Suppose 0 = -s + 6*v - 11*v + 15, v + 8 = 2*s. Suppose s*x = 3*y - 147, 0*y + 135 = 3*y - x. Suppose y = 3*p - 85. What are the prime factors of p?
43
Suppose -4*c - 6 = 10. Let y(d) be the third derivative of d**5/60 - d**4/12 - 2*d**3/3 - 19*d**2. What are the prime factors of y(c)?
2, 5
Let a(r) = r**2 + 5*r + 15. Let o be a(-6). Suppose -4*i = -87 - o. List the prime factors of i.
3
Suppose -3*d + 35 = -8*d. List the prime factors of (-2 - -3)/(d/(-434)).
2, 31
Let q(y) = 399*y**2 + 2*y + 3. What are the prime factors of q(-4)?
6379
Suppose 10*c - 11*c = 3*o - 1059, -3*c - 4*o = -3177. What are the prime factors of c?
3, 353
Let u be 6/24 + 81/12. Suppose 2 = j + q, -2*j = -u*j + 3*q + 18. Suppose 0 = w - 3*k - 54, 4*w = j*k - 2*k + 183. List the prime factors of w.
3, 5
What are the prime factors of 928 + (0/3 - 9)?
919
Let g(u) = 8*u**2 + u. Let n be g(-1). Let h = -11 + n. Let l = 3 - h. List the prime factors of l.
7
Let z(f) = f**3 - 2*f**2 - 39*f + 42. List the prime factors of z(15).
2, 3, 397
Let g(n) = n**2 - n + 2. Let o be g(-3). Let v = -6 + o. Suppose -4*l = -3*r + 43, -v*r - 4*l + 93 = -3*r. What are the prime factors of r?
17
Suppose -f - 6056 = -9*f. List the prime factors of f.
757
Let f be 2/2 - (-1 - -1). Let o(x) = 44*x**3 - 2*x**2 + 1. What are the prime factors of o(f)?
43
Let i = 116 + -80. Suppose x = -i + 41. Suppose -x*k = -2*k - 207. What are the prime factors of k?
3, 23
Let j be 2/(-12)*34*-3. Let n(a) = 2*a**2 - 20*a + 71. What are the prime factors of n(j)?
3, 103
Suppose 0 = -x - 2*v + 2190, -2*x - 3*v = -3215 - 1161. List the prime factors of x.
2, 1091
Let q(t) = t**2 - 9*t - 4. Let n be q(10). Suppose 965 = -j + n*j. List the prime factors of j.
193
List the prime factors of (-21 - -22) + 2373/3.
2, 3, 11
Let f = -3 + 5. Suppose f*n - i - 22 = 0, -i + 4*i = -4*n + 24. List the prime factors of n.
3
Let y be 2*5/(-4)*-2. Suppose 0 = -y*k + 4 + 16. Suppose 3*s - 137 = -4*b, -s + 3*b + 209 = k*s. List the prime factors of s.
43
List the prime factors of -1 - ((-48)/(-32))/(2/(-16)).
11
Suppose -d + 8 = -1. Let g = 9 - d. Suppose g = -3*j - j + 56. List the prime factors of j.
2, 7
Suppose -z = -2*z. Let b(m) = -2*m**3 + 2*m**2 - 4*m - 4. Let g be b(-3). Suppose -2*h + 4*h - g = z. What are the prime factors of h?
2, 5
Let u be (-4)/(-34) - 18/153. Suppose u*t - 4*t + 16 = 0. Suppose -t*y - y = -225. What are the prime factors of y?
3, 5
Let h(j) = -6*j**3 - j**2 + 3*j - 1. Let p be h(-2). Suppose 21 = 2*g - 5*z, 2*z - 1 = -5*g + p. List the prime factors of g.
2
Suppose 0 = -42*d + 5613 + 85401. What are the prime factors of d?
11, 197
Let x = 0 - -1. Suppose 2*f = i - 85, -4 - x = f. What are the prime factors of i?
3, 5
Let y(l) = l**3 + 5*l**2 - 6*l - 5. Suppose 4*w + 25 = -w, 4*m = 2*w - 6. List the prime factors of y(m).
5, 7
Suppose -453*x + 2*y - 18125 = -458*x, y + 7241 = 2*x. List the prime factors of x.
3623
Suppose 6*r = 7521 + 4089. List the prime factors of r.
3, 5, 43
Let q(v) = -2*v + 46. Let g be q(22). What are the prime factors of 0 + 5 - (-2 + g + 0)?
5
Suppose 0 = 16*j - 2926 - 1794. What are the prime factors of j?
5, 59
Let c = 140 + -384. Let z = c - -563. What are the prime factors of z?
11, 29
Let y(h) = h + 2. Let r be y(3). Suppose -r*u + 15 + 5 = 0. Suppose 0 = -5*t + 4*o + 147, u*t - o - o = 114. What are the prime factors of t?
3
Suppose 0*s + 2*u + 44 = -s, -3*u = -5*s - 285. Let j = 44 - s. What are the prime factors of j?
2, 7
Let q(m) be the third derivative of -m**5/30 - 7*m**4/12 + m**2. Let w be q(-7). List the prime factors of -1*(w + -45)/3.
3, 5
Let w be (-2 - (-8 + 3)) + -4. Let y(b) = -b + 2. Let o be y(w). Suppose -36 = -o*m + 15. List the prime factors of m.
17
Let y = 528 - -221. List the prime factors of y.
7, 107
Let g(n) be the first derivative of -2*n**2 + 8*n + 6. Let j be g(-8). Suppose 5*b - 3*f = -2*f + j, 2*b = -2*f + 16. List the prime factors of b.
2
Suppose 0 = -4*y - 5*u + 156, -3*u + 0*u - 56 = -y. Let c be (y/8)/(1/2). Let f(w) = w**2 - 8*w - 16. List the prime factors of f(c).
17
Let n = 22 + -23. Let d be -1 + n + (-195)/(-15). Let y = 24 - d. What are the prime factors of y?
13
Let s be ((-4)/(-3))/((-10)/(-45)). Suppose -s*t + 5*t + 85 = 0. List the prime factors of t.
5, 17
Let u = -7 - -11. Suppose 3*j - 19 = -2*m, m - 4*j - 13 = -u*m. Suppose 0 = 3*r - m*r + 62. List the prime factors of r.
31
List the prime factors of 10/(-2) + (659 - -82).
2, 23
Let l(m) = -m**3 - m**2 - 2*m + 7. Let n = -19 + 19. List the prime factors of l(n).
7
Let t = -16 - -18. Let r(m) = -2*m + 6. Let v be r(t). What are the prime factors of ((-122)/4)/(v/(-4))?
61
Suppose 47 = -h + 1. Let c(t) = t**2 - 8*t. Let y be c(6). What are the prime factors of y/21 + h/(-7)?
2, 3
Let d(p) = -12*p**2 + p. Let k be d(1). Let z = -5 - k. What are the prime factors of 40/z - (-14)/(-21)?
2